0 = -5*v, 17 + 2 = 5*v - 2*c. Suppose 2*d + 2*n - 51 + v = 0, 70 = 5*d - 4*n. Suppose k - d - 25 = 0. What is the units digit of k?
3
What is the hundreds digit of (60/12 + -8)*488/(-3)?
4
Suppose 19*d - 1299 - 7251 = 0. What is the units digit of d?
0
Let y = -387 - -119. What is the tens digit of 0 + (-4)/(16/y)?
6
Suppose -11*m + 704 = -10*m. What is the hundreds digit of m?
7
Let r(f) = f + 1. Let y(h) = -37*h - 1. Let d(l) = -6*r(l) - y(l). Let u be d(2). Let x = u - 16. What is the tens digit of x?
4
Let s(t) = -6*t - 6. Let b be -4 - 2/(6/9). Let c be 26/b - (-2)/(-7). What is the tens digit of s(c)?
1
Let k = -256 + 133. Let g = -71 - k. What is the tens digit of g?
5
Suppose p - 2*p - 5*f = 13, -f - 8 = 2*p. Let v(j) = 4*j**2 - 3*j + 3. What is the units digit of v(p)?
8
Suppose 215 = v + 5*s - 421, 0 = 4*v - 2*s - 2478. What is the hundreds digit of v?
6
Suppose 0 = 4*y + y + 80. Let i = 106 + -83. Let k = i + y. What is the units digit of k?
7
Suppose 38*h = 119*h - 41067. What is the tens digit of h?
0
Suppose -3*j - 10949 = -5*g, 9862 = 3*g + 4*j + 3281. What is the thousands digit of g?
2
What is the hundreds digit of -4 + -5 + 642 - -2?
6
Let o(z) = 4*z**3 + 1 - 5*z**3 - 9*z + 2*z**2 + 6*z**2. Let r be 19 - 11 - (3 - 1). What is the units digit of o(r)?
9
Let i(s) = 4*s**2 - 8*s - 48. What is the tens digit of i(-7)?
0
Let z(r) = 11*r - 11. Let x(f) = -16*f + 16. Let s(q) = -5*x(q) - 7*z(q). Let v be s(-8). What is the units digit of (-2)/(-9) - 183/v?
7
Let n(x) = 3*x**3 + 11 - 7*x + 23*x**2 - 19*x**2 - 2*x**3. What is the tens digit of n(4)?
1
Suppose -70 = -12*i - 346. Let q = i - -167. What is the hundreds digit of q?
1
Let v = 9 + -1. Suppose 4*a + 0*a - v = 0. Suppose a*g = -3*c - 2*g + 97, c - 37 = g. What is the units digit of c?
5
Suppose -j - 31 = 4*k - 3, -4*k + j = 36. Suppose -1 = -5*a + 4. What is the units digit of (k - -34)/(a/2)?
2
Let a(i) = 6*i**2 + i - 2. Let d be a(1). What is the units digit of 1 + d/(-4) - (-3993)/132?
0
Let w(f) = -f + 1. Suppose 26 = m + 7. Let y = 12 - m. What is the units digit of w(y)?
8
Let a = 300 + -210. What is the units digit of a?
0
Let w(u) = 2*u + 3. Let c be w(4). Let j(x) = -x**2 + 12*x - 1. Let h be j(c). Let m = h - -3. What is the units digit of m?
3
Let a = 2 - 7. Let o(f) = -2*f**2 + 18*f - 2. Let y be o(7). Let q = a + y. What is the tens digit of q?
2
Suppose 0 = -2*v - 3*t + 455, 3*v + 4*t - 687 = t. Suppose 7*l - 5*l - 242 = 4*i, -2*l = -2*i - v. What is the units digit of l?
1
Let m = 62 - 42. Let z = -15 + m. Suppose z*p + 4*u = 95, -2*p - 4*u + 65 = p. What is the units digit of p?
5
Let s = 7 + -3. Suppose 3*z - 87 = -0*z + 3*q, 4*z + s*q - 140 = 0. What is the tens digit of z?
3
Suppose 3*o = -6*o + 2259. What is the units digit of o?
1
Let q(v) = v + 1. Let b be q(4). Suppose -4*d - 32 = -b*d. What is the units digit of d?
2
Let i = 33 - 29. Let g be (-95)/(-15) + i/(-3). Suppose -g*b = b - 228. What is the units digit of b?
8
Let y = 5 + -9. Let g be y*(-6)/8 - -8. Suppose g = m - 9. What is the tens digit of m?
2
Suppose -2*k - 55 = 2*h - 627, 0 = -4*h + 4*k + 1152. Let r = -131 + h. What is the units digit of r?
6
Suppose -4*t = v + 14 - 42, 3*v = -4*t + 28. Let k = t + -11. What is the units digit of (-382)/(-18) - k/(-18)?
1
Suppose 5*p - 599 = -4*g, 3*p - 44 - 312 = g. Let k = p + -65. What is the tens digit of k?
5
Let u = 4799 - 3327. What is the units digit of u?
2
Let q(d) be the first derivative of 19*d**2/2 - 11*d + 13. What is the units digit of q(4)?
5
Let k be (1 + 2/(-3))/(4/(-132)). Let f = k + 98. What is the units digit of f?
7
Let x(z) = z + 2*z + 12 + 0. Let y be x(-8). Let h = y - -27. What is the units digit of h?
5
Suppose 4*y = -4*t + 12, 4*y = -2*t - 9 + 25. Let a(d) = -d**3 + 6*d**2 + 4*d + 1. What is the units digit of a(y)?
6
Let q = -166 + 284. Let k = q + 79. What is the hundreds digit of k?
1
Let r = 13 + -4. Suppose -3*z - m - 9 = 14, z - m + r = 0. What is the units digit of z/36 + (-20)/(-9)?
2
Let a be 0*(-3)/(-9) - 21. Let z = a - -36. What is the units digit of z?
5
Let r = 27 + -22. Let a = 27 - 25. Suppose -d - a*d + 5*k + 87 = 0, r*k = -2*d + 83. What is the tens digit of d?
3
Let f = 0 + 0. Suppose 0 = -f*u + 2*u - 8, l + 31 = u. Let b = 55 + l. What is the units digit of b?
8
Suppose 10*k = 13011 + 2849. What is the units digit of k?
6
Let i(c) = c + 9 + c**2 + 3 - 5 - 1. Let s be i(-6). Let m = s - 22. What is the tens digit of m?
1
Let c = -86 - -169. Let g = c + -41. What is the tens digit of g?
4
Suppose 4*h = -x + 4273, 25*x - 3*h = 20*x + 21296. What is the thousands digit of x?
4
Suppose p + 4 = 4. Suppose p*n + 4*n - 5*a = 516, -a = -2*n + 252. What is the units digit of n?
4
What is the tens digit of (-1448768)/(-576) - (-1)/(27/(-6))?
1
Suppose 10*i = 568 - 228. Let y = i - 32. What is the units digit of y?
2
Let r(m) = m**3 + 18*m**2 + 16*m - 14. Let q be r(-17). Suppose 2*o - 3*o = -3*p + 197, q*p + 5*o - 167 = 0. What is the units digit of p?
4
Let t(d) = -2*d**2 - 4*d + 29. Let y be t(-13). Let q = y - -365. What is the tens digit of q?
0
Suppose 0 = 3*v + 4*l + 303 - 1808, -v + 4*l + 523 = 0. What is the hundreds digit of v?
5
Let k(t) = 25*t - 44. Suppose 27 + 72 = 9*m. What is the units digit of k(m)?
1
Let a = 837 + 442. What is the units digit of a?
9
Let m be 80/(-70)*(-14)/4. Suppose -m*f - 62 + 294 = 0. What is the units digit of f?
8
Suppose -u - 103 = 6*v - v, 2*u - 94 = 5*v. Suppose 0 = 3*h + 4*j + 56, 0 = -0*j + j + 2. What is the units digit of ((-45)/v)/((-1)/h)?
6
Let c = 1 + -1. Suppose 3*x + c*x - b = 207, -3*b = -3*x + 207. What is the units digit of x?
9
Suppose 3932 = 5*q + 2*s + 1343, 0 = -5*q + 5*s + 2575. What is the hundreds digit of q?
5
Let x be 6 - (15/3 - 1)/(-1). Suppose -2*n + x = 2, r = 4*n + 32. What is the units digit of r?
8
Let f be 9 - 7 - 3*-1. Suppose 0*h = f*p + h - 655, 0 = -p - h + 127. What is the hundreds digit of p?
1
Suppose -2*g - 29 = y, 0 = -4*g + 2*g + 3*y - 33. What is the tens digit of (g/6)/5*-56?
2
Suppose 1 = -x, 1 = 3*r + 5*x - 9. Let w be 2/r - 1368/(-30). What is the tens digit of -1 + w - (16 - 12)?
4
Let n = -3 - -1. What is the units digit of (n - -1) + (35 - -2)?
6
Suppose 0 = -l - 477 + 3371. What is the units digit of l?
4
Suppose y - 2*n = -8, -2*n + 9 + 11 = 5*y. Suppose -5*d + 421 = 3*a, -a = -y*d - 2*d - 163. What is the units digit of a?
7
Suppose -3*h - 1344 = -5*h - 4*d, -5*h = -2*d - 3384. What is the tens digit of h?
7
Let d(i) = -i + 5. Let z be d(3). Suppose z*y = y. Suppose 4*a + o - 57 = 0, 2*a + y*o + o - 31 = 0. What is the tens digit of a?
1
Let d(k) = k**3 + 16*k**2 + 7*k - 11. What is the units digit of d(-9)?
3
Let a(j) = 29*j**3 + j**2 - 3*j + 2. Let i be a(1). Let x = i + -24. Suppose 3*l + 260 - 95 = 5*r, -x*r = -4*l - 170. What is the tens digit of r?
3
Let a(y) = 3*y**2 - 5*y - 1. Let i be a(5). Let c(s) = -36*s**2 - 2*s + 3. Let r be c(1). Let w = r + i. What is the tens digit of w?
1
Suppose 4*f - 11*f = -7. What is the tens digit of (0 + 138/8)*(f + 3)?
6
Suppose 46*v - 22020 = 16*v. What is the units digit of v?
4
Suppose 15*z - 16*z + 26 = 0. Suppose z = 13*s - 11*s. What is the units digit of s?
3
Let q be (4*(-5)/(-20))/((-2)/8). Let n(m) = -24*m - 3. What is the units digit of n(q)?
3
Suppose 0 = 4*r - 29 - 7. Let b(w) = 2*w - 12. Let i be b(r). What is the tens digit of i/9*3*24?
4
Let g(q) = 2*q**3 - 8*q**2 + 2*q - 2. Let d be g(4). Suppose -3*h + u = -65, -80 + d = -4*h - 5*u. What is the units digit of h?
1
Let w be (-2 - -3)/((-1)/(-1)). Let g be w + (-2)/(-5)*5. Suppose -g*x + x = 4*z - 94, -z - 3*x + 31 = 0. What is the units digit of z?
2
Suppose 28593 = 14*g + 13*g. What is the tens digit of g?
5
Let g(c) = c**3 - 4*c**2 - 4*c + 8. Let p be g(4). What is the units digit of ((-4)/(-3))/(p/(-12))?
2
Let m(f) = f**2 + 3*f - 3. Let k be m(-3). Let z = k - -7. Suppose 0 = o - z*o + 72. What is the tens digit of o?
2
Suppose 3*z - 2*w = 3*w - 8, w + 2 = 0. What is the units digit of (-2)/(4/(-21))*z/(-9)?
7
Suppose 0 = 8*l - 931 - 1237. What is the tens digit of l?
7
Let m = -1138 + 2375. What is the hundreds digit of m?
2
Let u(p) = -66*p - 3. Let l(z) = z**2 + 4*z - 2. Let o be l(0). What is the tens 